(-2 - -3) + 0). Let q be 5*(182/(-10))/h. What is the greatest common divisor of q and 13?
13
Suppose -156 = -8*c + 4. Calculate the highest common factor of 8 and c.
4
Suppose 3*o - 3*z - 11 = 7, -5*o - 5*z = 10. Suppose -o*l - 63 = -405. Calculate the greatest common factor of 19 and l.
19
Let c = 6 + 14. Let o be 6/9 + 34/3. Let p be 100*((-42)/o + 4). Calculate the greatest common factor of p and c.
10
Let g(z) = -z**3 + 19*z**2 - 15*z - 15. Let v be g(18). Calculate the highest common divisor of 143 and v.
13
Suppose -u = 3*p - 9, 3*u = -0 + 9. What is the highest common divisor of 38 and p?
2
Suppose -h = -4*k - 0*h - 119, -h = -2*k - 57. Let f = k - -39. Let a = 0 - -1. Calculate the highest common factor of f and a.
1
Suppose -15 = 3*z, 3*b - 2*z + z = 74. Let x(v) = 3*v**3 - 98*v**2 - 17*v - 505. Let g be x(33). What is the greatest common divisor of g and b?
23
Let k = 19 - 0. Suppose 4*c - h - 231 = 0, 3*c + 5*h + 26 = 182. What is the greatest common factor of c and k?
19
Let v be 6/(-4)*176/6. Let d = v - -53. What is the greatest common factor of d and 99?
9
Let x(k) = -2 - 7 + 9*k - 13*k. Let j = -10 + 4. Let w be x(j). Calculate the greatest common divisor of w and 45.
15
Suppose 4*v - 16 - 10 = 2*u, 3 = -u. Suppose 2*n = -2, 0 = v*k + n - 78 - 121. Calculate the greatest common factor of k and 5.
5
Let m = -1429 + 1430. What is the greatest common divisor of m and 31?
1
Suppose -j - 7 = -9. Suppose -y + 2*h + 7 = -j*y, -h = -5*y + 20. Suppose -v - 4 = 0, -y*m + 2*m + 19 = -2*v. What is the greatest common divisor of m and 33?
11
Let t(u) = u**3 + 6*u**2 - 6*u + 13. Let k be t(-6). Let p(y) = -y**3 + 4*y**2 - y + 1. Let d be p(3). Calculate the highest common divisor of d and k.
7
Let u(i) = -43*i - 367. Let a be u(-9). Calculate the highest common divisor of a and 15.
5
Let x be (12/(-21))/(5/(-70)). Calculate the greatest common factor of x and 184.
8
Let f(i) = i + 3. Let l be f(13). Suppose -3*s = -s - k - 19, 0 = -3*s + 4*k + l. Calculate the highest common divisor of s and 2.
2
Let i = -612 - -618. What is the highest common divisor of 66 and i?
6
Let k = 341 + -209. Let c(o) = -o**3 + 7*o**2 - 2*o - 12. Let g be c(6). Calculate the greatest common factor of k and g.
12
Let y = -164 + 214. What is the greatest common factor of 1150 and y?
50
Let c be 1*(-6)/9*3. Let y be c + 0 + (-72)/(-6). What is the highest common divisor of 4 and y?
2
Let l(o) = 13*o**2 + 3*o + 4. Let w be l(-3). Let p be 3*3/9*3. Suppose 41 = p*s - 7. What is the highest common divisor of s and w?
16
Let m(w) = -w**2 + 10*w - 7. Let n be m(9). Suppose 9 = -4*y + 21, -u + n*y = -15. What is the highest common factor of 84 and u?
21
Suppose -5*j + 95 = -8*s + 10*s, -s - 2*j = -46. What is the greatest common factor of s and 8?
8
Suppose 4*s + 542 = 4*a + 174, a = 5*s + 96. Suppose j - 9 = 4. What is the highest common factor of j and a?
13
Let b(t) = 3*t**2 - 5*t + 15. Let r be b(6). Let y = 94 - r. Calculate the highest common factor of y and 2.
1
Suppose -3*g - 5 = -4*g. Suppose -g*u - 25 = -230. Suppose v - q - u = 2*q, 2*q = v - 36. What is the highest common divisor of 39 and v?
13
Let a(b) = -b**2 + 0 + 1 + 36*b - 34*b. Let c be a(2). Let o be c - (1 - -2 - 6). Calculate the highest common factor of o and 1.
1
Suppose 2*b - 39 = -t, 0 = -t + 2*b - 3*b + 37. Let u(p) = -p**3 + 9*p**2 + 70*p + 5. Let c be u(-5). Calculate the highest common divisor of c and t.
5
Suppose 18*s + 346 = 3*m + 23*s, -m = 5*s - 122. What is the highest common divisor of 28 and m?
28
Let w(j) = 7*j - 13. Let b be w(4). Let s be 54/b - (-14)/35. Calculate the greatest common factor of s and 8.
4
Let q = -40 - -138. Suppose -4*l - v + 171 = -20, 0 = 2*l - 2*v - q. Let m(w) = -12*w. Let g be m(-2). What is the greatest common divisor of g and l?
24
Let m(t) = t**3 + 10*t**2 + 7*t + 14. Let n be m(-4). What is the highest common divisor of 205 and n?
41
Suppose -q + 5*p = 22 - 80, -q - 4*p = -67. Let s = 45 - 27. What is the greatest common factor of s and q?
9
Let s(z) = -z**3 - 2*z**2 - z - 24. Let u be s(-5). What is the highest common factor of u and 896?
56
Let l = -255 + 345. Calculate the highest common divisor of l and 1530.
90
Let f(o) = 6 - 9*o**2 + 10*o**2 + o**3 - 2*o + 0*o**3. Let r be f(0). Let s be (-106)/(-6) - 2/(-6). What is the greatest common divisor of s and r?
6
Let q be 7 + -12 + 0 + 328. What is the greatest common divisor of q and 17?
17
Suppose -5*s = -5*k - 1215, 7*s + 4*k = 3*s + 964. Suppose -2*q + 814 = 5*w + s, 2*w - 227 = q. Calculate the highest common factor of 19 and w.
19
Let v = 113 - -121. Suppose 4*q + 1 = d - q, -3*d - 2*q + 88 = 0. Calculate the greatest common factor of d and v.
26
Suppose -4*f = 4*f - 152. Let r(x) = 2*x**2 - 5*x - 17. Let j be r(10). Calculate the highest common factor of j and f.
19
Let d be ((-4)/8*2)/(1/(-3)). Suppose 3*k - 102 = -d*q, -2*k + 96 = 4*q - 6*k. What is the highest common divisor of 319 and q?
29
Let f(g) = -g**3 + g**2 - 3*g**3 + 6 + 3*g**3. Let t be f(0). Let n be (-1 - -2)*(-4)/(-1). Calculate the greatest common divisor of n and t.
2
Suppose -15 = -f + 5*c, -5*c = -10*c - 15. Suppose -3*j - 74 = 4*h - 259, -5*h - j + 245 = f. What is the highest common divisor of 400 and h?
50
Let t be (-2)/(-1 + (-3)/(-6)). Let v be (33/(-12) + 3)*t. Let y be (60/((-6)/(-3)))/v. What is the greatest common divisor of y and 12?
6
Suppose -11*n + 3*h + 12 = -10*n, -h = 3. Let l(c) = c**2 - 4*c + 2. Let a be l(4). Let x be (0 + -3)*(a + -11). What is the highest common divisor of x and n?
3
Let q = 573 + -353. What is the highest common factor of q and 20?
20
Suppose -2*r = -b - 39, -2*b = 2*b + 12. Calculate the greatest common factor of r and 36.
18
Suppose 2*t + 9 = -3*w, 0*t = -t - 2*w - 3. Let s(f) = f**2 + 10*f + 14. Let n be s(t). Calculate the greatest common factor of 25 and n.
5
Suppose 4*z = -0*z - 5*m + 221, 3*z = m + 161. Let r = 103 - 97. Calculate the greatest common divisor of z and r.
6
Let t(y) be the first derivative of y**2/2 - 2*y + 1. Let s be t(5). Let q = 1 + 11. Calculate the highest common factor of s and q.
3
Let w = -1828 - -1898. Let k = 26 + -58. Let i = k - -60. What is the highest common factor of i and w?
14
Suppose 8370*f = 8372*f - 1674. Calculate the greatest common factor of 27 and f.
27
Let m = 2 + 1. Suppose g + 1 = 3. Suppose g*z = 5*n - 815, z = -m*n - z + 505. What is the greatest common divisor of n and 15?
15
Let h(j) = -12*j**2 + 5*j + 2. Let p be h(-2). Let a = p - -70. What is the greatest common factor of a and 35?
7
Let v(d) = -2*d + 15 + d**2 + 10 + 9*d. Let x be v(-8). What is the greatest common factor of x and 33?
33
Let t(s) = 34*s - 7. Let m be t(3). Let y = m + -32. What is the highest common factor of y and 9?
9
Suppose 3*o - 11*o + 80 = 0. Suppose -5*r + 22 = -3*p - 38, -4*r + 55 = -p. Calculate the greatest common divisor of o and r.
5
Let j = 63 - 42. Let x(h) = h**2 - 7*h + 2. Let l be x(9). Suppose -29 = -7*p + l. Calculate the highest common divisor of j and p.
7
Let h(n) be the third derivative of n**4/4 - n**3 + 8*n**2. Let k be h(6). Let g(t) = -9*t - 9. Let y be g(-6). What is the greatest common factor of y and k?
15
Suppose -2*y + 196 = -6*y + 4*g, -16 = -4*g. Let m = y + 55. Calculate the highest common divisor of m and 40.
10
Let v be ((-3)/9 - -6) + 1/3. Suppose 4*z - 16 = x, 3*x - x - 13 = -z. Suppose -x*r = v - 22. What is the greatest common factor of r and 32?
4
Let j(w) = w**2 + 8*w + 5. Let t be j(-8). Suppose -4*k = -5*s - 181, 0*k - t*s - 83 = -2*k. Calculate the highest common factor of 7 and k.
7
Suppose 5*g - 12 = 3*g. Let p = -38 - -43. Suppose -84 = -7*r + p*r. What is the highest common divisor of g and r?
6
Let f(v) = 11 + 3372*v - 11*v**2 - 3384*v + 4 + v**3. Suppose 0 = -2*i + 28 - 4. Let j be f(i). Calculate the greatest common factor of j and 60.
15
Let b be (-8 + (-143)/(-22))/((-3)/184). Calculate the highest common factor of 69 and b.
23
Let c be ((-6)/(-10))/(8/40). Let x be (-2)/7 - 132/(-21). Calculate the highest common divisor of c and x.
3
Let a = 585 - 575. What is the highest common divisor of a and 65?
5
Let l = -81 - -81. Let n be l + 535 - (-84)/(-21). What is the greatest common factor of 59 and n?
59
Let 